) = -39*z + 35. Let p(k) = k + 1. Let h(m) = -6*p(m) - w(m). Is h(22) a composite number?
True
Let w = -211 - -300. Suppose -d = -w + 757. Let v = -337 - d. Is v composite?
False
Suppose 118*a - 8877387 = 2469139. Is a prime?
True
Suppose 0 = 11*u - 7567 - 28986. Is u a prime number?
True
Let g = 14254 - 8631. Is g prime?
True
Suppose 2*z - f - 1496 = -3*f, 3*z = -4*f + 2243. Let n = -471 + z. Let s = n - 189. Is s a composite number?
False
Suppose 3*u + 4145 = 4*k - 0*u, -3*k - u + 3112 = 0. Let n = k - 558. Is n prime?
True
Suppose 4127*s - 4126*s = 11153. Is s a prime number?
False
Suppose 0 = 15*k - 17*k + 112. Let y = -33 + k. Is y a composite number?
False
Is 411 + 12/48*32 a composite number?
False
Let t = 128 + -126. Suppose 5*y - 9*u + 13*u = 4269, -4*y - t*u = -3414. Is y a prime number?
True
Let s = 19 - 19. Suppose s = 2*a - 5*o - 2015, -a + o = -882 - 130. Let v = 2102 - a. Is v prime?
True
Let h = -164 + 217. Is h prime?
True
Let o be 144/66 - (-4)/(-22) - -1. Suppose -1193 = -o*q + p, -4*q + 2451 = 3*p + 869. Is q a prime number?
True
Let d(t) = 3*t + 34*t**2 + 15 - 1 - 9. Is d(-3) prime?
False
Is (1424126/57)/(6/9) composite?
True
Suppose 20 = -4*a, 5*n - 5*a + 255 = 5345. Let g = -508 + n. Is g a prime number?
False
Let w = 791 - 1569. Let p = -555 - w. Is p a composite number?
False
Let j = 1 + -7. Let n be j + 4 - (1 - -8). Is (-254)/1*n/22 a prime number?
True
Suppose 0*s + 1050 = 15*s. Suppose 2*t - s = -o, 3*t + 4*o - 90 = 20. Is t a prime number?
False
Let y = 96 + 20. Suppose -253 = -2*q + 3*f, 3*q = 2*q + 5*f + y. Is q prime?
True
Let b = 4382 - -6195. Is b prime?
False
Let p = -8349 + 16490. Is p composite?
True
Suppose 4*k + 3 = k. Is (-10)/k*523/2 a composite number?
True
Suppose -41*d + 59550 = 9*d. Is d prime?
False
Suppose 32 = -2*h + 22. Is (-1)/(((-20)/(-2708))/h) composite?
False
Let k(o) = 1277*o + 258. Is k(13) composite?
True
Suppose -5*d + 40023 = -1822. Is d a prime number?
True
Let g = 90 - -1793. Is g composite?
True
Suppose -2*m - 4680 = -4*m. Suppose 2*k = 4*k - o - 943, -5*k - o + m = 0. Is k composite?
True
Let j(h) = 29*h**2 - 9*h + 19. Is j(3) prime?
False
Let b(w) = 53*w - 11. Let k be b(11). Suppose 5*r = 2*u + 2*r - 1129, 0 = -u + 3*r + k. Is u a prime number?
True
Suppose u + 289 = 2*h + h, 0 = -5*h - 2*u + 467. Is h + -2*(5 + -3) prime?
False
Let s = 16 - 9. Let f(k) = -3 + 6*k + 5*k - 6*k + 4*k**3 - s*k**2. Is f(4) a prime number?
False
Let c(h) = 2*h - 8. Let r be c(-4). Let a be 2*(-4)/r*6. Is 2/3 + 607/a prime?
False
Let u(t) = t**3 - 6*t**2 - 4*t + 19. Let q be u(7). Is 19/2*q/(24/6) a composite number?
True
Suppose 0 = -5*g + 13*g - 30088. Is g a prime number?
True
Suppose 4*w - 37486 = t, 4*w + t - 5*t = 37492. Is w composite?
False
Suppose -b - b + 42 = 0. Let u be (-4 - -1)/(b/(-28)). Suppose 7*x - u*x - 75 = 0. Is x prime?
False
Let z = 291 + 292. Is z composite?
True
Let o(u) = -5*u**2 - u**2 + 5*u**3 + 2*u**2 - 11*u - 11 + 5*u. Let t(c) = c**3 - c**2 - c - 1. Let h(l) = -o(l) + 6*t(l). Is h(4) prime?
True
Let h(g) = 132*g - 102. Let x be h(21). Let y = 19 + -5. Is y/49 - x/(-14) prime?
True
Suppose 0*j + 3*j + 5*x - 21107 = 0, 3*j - 21123 = 3*x. Is j composite?
False
Let z(m) = m**3 + 7*m**2 + 8*m + 2. Let v be z(-6). Let w = v - -14. Suppose -w*y - y + 296 = -j, 3*y + 4*j - 173 = 0. Is y prime?
True
Suppose 0 = 3*y - 5*p - 1710, -2*y - 2*p = -483 - 673. Suppose -4*f = 4*q - 460, 2*q - f = -3*q + y. Is q a prime number?
False
Let d = 329 - 469. Suppose -302 = -2*m - 2*c + 370, c = 5. Let v = d + m. Is v a composite number?
False
Let b(f) = 1845*f - 23. Is b(2) a composite number?
True
Let f be 2/8 - 15/(-20). Let w(n) = -15*n**3 + n**2 - 2*n + 1. Let b be w(f). Is (595/b)/(1/(-3)) prime?
False
Suppose 19*b + 967 = 17288. Is b a prime number?
True
Suppose a = -2*b + 1061, -b - 3*a + 1059 = b. Suppose 0 = 3*r - 606 - b. Is r a composite number?
False
Let z(h) = -h**3 - 2*h**2 + 7*h - 1. Let l be ((-2)/(0 + -2))/1. Let g be l/3 - 16/3. Is z(g) a composite number?
True
Let a(w) = 1550*w**2 + 4*w + 3. Let h be a(-2). Suppose -4*t = -h - 25. Is t composite?
True
Is -10 + 36759 - 4 - 6 prime?
True
Let k = -2930 - -17281. Is k a prime number?
False
Suppose 5*p - 618 = 4*g + 49953, -4*p = -5*g - 40464. Is p prime?
True
Let c = -369 - -890. Is c composite?
False
Suppose 4*z + 16 = 0, z - 78982 = -3*i + 65065. Is i a prime number?
True
Let b = 140 - 114. Is (-50)/(-325) + 18690/b a prime number?
True
Suppose 3*c - 8 = -c, -3*c - 10 = -4*y. Suppose -824 = -y*t + 500. Is t composite?
False
Let i = 59510 + -39649. Is i a prime number?
True
Let z(y) be the first derivative of 91*y**2 - 9*y + 26. Is z(3) a prime number?
False
Let k(x) = -74*x. Let q be k(-9). Let p = 3 + q. Is p a prime number?
False
Is -90 - -95 - 88906/(-2) a composite number?
True
Let a(x) = 0*x + 10 - 7 - 2*x + 4*x + x**2. Let w be a(0). Suppose 8*c - w*c = 95. Is c prime?
True
Is (-149706)/(-16) - 12/(-32) a composite number?
True
Is (-84)/56*13604/(-6) prime?
False
Let l be (-8)/12*9/(-2). Suppose -25 = -5*t, -m + 460 = 4*m + l*t. Is m prime?
True
Suppose -3*l = -4*z + 56107, -4 = -3*l + 5. Is z composite?
False
Suppose -u - 21 = -76. Suppose 0 = -5*s - 5*w + u, -2*w = -s + w + 3. Let x(t) = -t**3 + 12*t**2 + t + 5. Is x(s) a composite number?
False
Let g(o) = -o - 2. Let d be g(2). Suppose 2*c = 10*c - 656. Is d/((-1)/c*4) a composite number?
True
Suppose 21536 = 10*y + 5116. Is y a composite number?
True
Suppose -5*s = -3*s + 2304. Let o = 2809 + s. Is o a composite number?
False
Suppose -15*v + 19*v - 5*k = 22019, -3*v - k + 16500 = 0. Is v composite?
False
Let j be (-417)/2*80/(-24). Suppose -j = -6*l + l. Is l a composite number?
False
Suppose 0 = l - z - 4, 3 = 2*l - z - 6. Suppose 4*q - 5145 = 2647. Suppose -q = g - l*g. Is g prime?
True
Let r be (-2 + 1 + 4)*236/(-6). Let z = 201 + r. Is z composite?
False
Let t(z) = 114*z**2 + 3*z - 11. Let l = 20 - 14. Is t(l) a prime number?
True
Suppose -7*a = -2*a - 30. Is (a/(-9))/((-4)/2814) composite?
True
Suppose 8 = 2*y + 3*d + 2*d, -d = -2*y + 20. Suppose 4*s + y = 29. Suppose 0 = -2*f - u + 42, -16 = -u + s*u. Is f composite?
False
Let d(s) = -s**3 + 16*s**2 - s + 23. Let f be d(16). Is 14*4 - (4 - f) a prime number?
True
Suppose 0 = -5*j - q + 15, -4*j + 3*q - 3 = -34. Suppose -j*c + z = -0*z + 77, 0 = 5*z - 25. Is 4895/30 + 3/c composite?
False
Let x = 14 + -10. Suppose -3*k + 32 = 5*u, 2*k + x*u - 12 = 3*k. Suppose -k*q = -3*q - 347. Is q a prime number?
True
Suppose -31*a - 45470 = -36*a. Is a a prime number?
False
Suppose -k + 3*x + 2 = 0, 3*k + 3*x - 6 = 8*x. Is -3*k/2 + 137 + -7 a prime number?
True
Let k = -7399 + 17016. Is k prime?
False
Let h = 6766 - 569. Is h a composite number?
False
Is (-270)/(-54)*57142/10 a composite number?
False
Let x(l) = l**3 - 3*l**2 - 3*l - 1. Let i be x(4). Suppose 0 = -2*o, 2*j = o + i*o + 11510. Is j a composite number?
True
Suppose 637 + 3403 = 4*z. Suppose 13*q - z = 8*q. Is q composite?
True
Suppose -7 = -2*g + 3*s - 8*s, -4*s = -12. Is 3/g + (-2 - (-17757)/12) a composite number?
True
Suppose 22 = -t - 5*s, -s + 6*s = -25. Suppose -t*f + j - 6*j = -266, 0 = 5*f + 2*j - 418. Is f a composite number?
True
Suppose -5*p = 6*p - 9306. Let z = p + -329. Is z a prime number?
False
Let w be (-3)/9 - 142/6. Let k be w/(-4)*(-2)/(-4). Suppose 396 = k*z - 51. Is z composite?
False
Suppose -44*i = -18*i - 1146782. Is i composite?
True
Let c(g) = -g**3 - g**2 + 2*g + 3. Let w be c(-3). Let p = 83 + -81. Suppose p*r = -4*q + 1348, q - w = 5*r + 344. Is q a composite number?
True
Let d(k) = k**3 - 3*k**2 - 4. Let c be d(4). Suppose p - 3*l - c = -2*p, -2*p = 4*l - 14. Suppose -2*q - 21 - 188 = -3*y, 3*y = p*q + 203. Is y a prime number?
True
Let g be 14060/90 + 0 + (-4)/18. Suppose 4*l - g = -3*v + 1577, -l - 2336 = -4*v. Is v composite?
True
Let t(n) = -45*n**3 + 3*n**2 - 4*n - 5. Let v be (8/5)/((-28)/70). Is t(v) composite?
False
Is 7804 - (10/30)/(1/15) a prime number?
False
Suppose -12201 + 687 = -6*v. Is v a composite number?
True
Let k = 7613 + -4498. Suppose -6*n + 11*n - k = 0. Is n a composite number?
True
Let x = -63 + 63. Is 4700/8 - x - (-1)/(-2) prime?
True
Let s = -821 + 441. Let g = s - -1449. Is g prime?
True
Let a(p) 